56?
-452
In base 3, what is -12002 - 0?
-12002
In base 15, what is -249 - -2?
-247
In base 4, what is -11 - 1010?
-1021
In base 9, what is 0 - 107?
-107
In base 15, what is -c3 - 4?
-c7
In base 10, what is -83 - 1?
-84
In base 4, what is -10 + -302?
-312
In base 9, what is -13 - 1750?
-1763
In base 7, what is 2 - -10?
12
In base 5, what is -1 + 1033?
1032
In base 15, what is 74 + 5?
79
In base 10, what is 31 - -10?
41
In base 16, what is 5 - -67?
6c
In base 12, what is -32 - -10?
-22
In base 2, what is -1000110 - -1000?
-111110
In base 6, what is -5500 + -1?
-5501
In base 6, what is 4 - 4420?
-4412
In base 13, what is 793 - 3?
790
In base 11, what is 455 + -2?
453
In base 12, what is -4 + 9bb?
9b7
In base 3, what is 210212 - 11?
210201
In base 4, what is 303 + 200?
1103
In base 10, what is 3 - 1609?
-1606
In base 9, what is 34 + 3?
37
In base 5, what is 2 - -131?
133
In base 9, what is -68 + 2?
-66
In base 12, what is 15 - -24?
39
In base 3, what is 11 + -100?
-12
In base 8, what is 0 - 370?
-370
In base 4, what is 1002 - -13?
1021
In base 5, what is 3340 + -3?
3332
In base 14, what is 8 - -28?
32
In base 7, what is -24 + 15?
-6
In base 10, what is 5001 + -1?
5000
In base 4, what is -20 - -2220?
2200
In base 7, what is -253 + -40?
-323
In base 11, what is 2 - -3?
5
In base 14, what is -121 - 5?
-126
In base 16, what is -3 + 5ba?
5b7
In base 12, what is -101a - 1?
-101b
In base 5, what is 0 - -11334?
11334
In base 13, what is 5 - 213?
-20b
In base 3, what is 2 - 112010?
-112001
In base 6, what is -411 + -1?
-412
In base 13, what is -183 + 82?
-101
In base 9, what is 231 - 4?
226
In base 9, what is 33 + 14?
47
In base 12, what is -2b8 + 5?
-2b3
In base 5, what is -11210 + 3?
-11202
In base 15, what is -34 - 118?
-14c
In base 10, what is 86 - 36?
50
In base 10, what is 43 - 1?
42
In base 2, what is 110011 - 1001?
101010
In base 16, what is 2b3 + -f?
2a4
In base 13, what is 1ca + 2?
1cc
In base 5, what is -142220 + -10?
-142230
In base 4, what is 12 - 2123?
-2111
In base 3, what is -22020 + 0?
-22020
In base 12, what is -1 + -335?
-336
In base 15, what is 6 + 1a?
21
In base 11, what is -8 - 16?
-23
In base 2, what is -1100 + 11?
-1001
In base 4, what is 23 - -132?
221
In base 5, what is -100 - 10?
-110
In base 5, what is 44 + -2304?
-2210
In base 10, what is -133 + 4?
-129
In base 16, what is 1cf - a?
1c5
In base 6, what is 423502 + 1?
423503
In base 7, what is 20 + -123?
-103
In base 16, what is 1 - 1f3?
-1f2
In base 4, what is -3 - -1?
-2
In base 14, what is 42a + 7?
433
In base 14, what is -1 - 28?
-29
In base 9, what is -1 - 738?
-740
In base 11, what is -11 + 36?
25
In base 4, what is 23332 - -2?
30000
In base 7, what is -12 + 1?
-11
In base 4, what is 1111 - -13021?
20132
In base 14, what is -2 - -3c8?
3c6
In base 4, what is -1113 - -11?
-1102
In base 5, what is -2 + -2411?
-2413
In base 14, what is 30 - -11?
41
In base 3, what is -200 - 0?
-200
In base 16, what is -4 + 8b?
87
In base 4, what is 130 + -22?
102
In base 4, what is -2 - 2221?
-2223
In base 16, what is 1e9 + e?
1f7
In base 4, what is 0 - 12111?
-12111
In base 16, what is -c9 - c?
-d5
In base 10, what is 30 + 76?
106
In base 14, what is 2 + -82?
-80
In base 12, what is -1a4 + -2?
-1a6
In base 5, what is 10401 + 12?
10413
In base 9, what is 63 - -112?
175
In base 11, what is 7 + a1?
a8
In base 13, what is -2430 - -1?
-242c
In base 7, what is 10 + 1412?
1422
In base 13, what is 6 - 32?
-29
In base 12, what is 3 + -4a6?
-4a3
In base 7, what is 1666 + 1?
2000
In base 9, what is -12 - -460?
447
In base 12, what is -11 + 29?
18
In base 7, what is -10 + 46?
36
In base 10, what is -3 - 1?
-4
In base 6, what is 5 + 1045?
1054
In base 13, what is 85 - 35?
50
In base 9, what is 125 - -1?
126
In base 11, what is -4674 + -2?
-4676
In base 6, what is 1 - -1004?
1005
In base 9, what is 5 + -105?
-100
In base 11, what is -6 - 85?
-90
In base 5, what is 134101 + 1?
134102
In base 11, what is -11 + -22?
-33
In base 3, what is 211102 + -11?
211021
In base 5, what is 3 - -140?
143
In base 9, what is -5 - 1?
-6
In base 8, what is 3 - 3432?
-3427
In base 10, what is -3 + 270?
267
In base 5, what is 22221 - -4?
22230
In base 8, what is -331 + 12?
-317
In base 10, what is -3 - 64?
-67
In base 10, what is 5 - -105?
110
In base 2, what is -10010010010 + 10?
-10010010000
In base 8, what is 1 + -77?
-76
In base 3, what is 0 + -10020022?
-10020022
In base 13, what is -1a + 7?
-13
In base 8, what is -1 + 430?
427
In base 3, what is 2 + -200?
-121
In base 11, what is -19081 + -2?
-19083
In base 9, what is 53 + 17?
71
In base 14, what is 2 - 53c?
-53a
In base 2, what is 10 - 100100?
-100010
In base 5, what is -102 + 13?
-34
In base 13, what is -19ca + 0?
-19ca
In base 12, what is -38 - 2?
-3a
In base 2, what is 1 - -10001?
10010
In base 7, what is 33 - 235?
-202
In base 6, what is -3 + -454?
-501
In base 9, what is 2 + 45?
47
In base 15, what is 1 + 1e?
20
In base 2, what is 10010001110 - -100?
10010010010
In base 6, what is 21 - 1532?
-1511
In base 5, what is -224 + 4?
-220
In base 6, what is -114 - 35?
-153
In base 12, what is -3 + -78?
-7b
In base 16, what is -5e7 + a?
-5dd
In base 3, what is 20000 - -202?
20202
In base 16, what is -4 + -bd1?
-bd5
In base 8, what is 12 - 33?
-21
In base 16, what is -176 + -3?
-179
In base 9, what is 12 + 33?
45
In base 15, what is 4 + -273?
-26e
In base 14, what is 26 + 9?
31
In base 9, what is 21 + 104?
125
In base 13, what is 2 - -359?
35b
In base 7, what is 41 + -362?
-321
In base 4, what is -10 + 220?
210
In base 10, what is 8 - -7?
15
In base 15, what is -3 - -4c?
49
In base 9, what is -10 - 2?
-12
In base 3, what is 1100110110 - 10?
1100110100
In base 5, what is 411 + -4?
402
In base 2, what is 10 + 101101?
101111
In base 12, what is -24 + -2?
-26
In base 15, what is -2c3 + -2?
-2c5
In base 11, what is 329 - -14?
342
In base 10, what is -3 + 93?
90
In base 9, what is -3 - 24?
-27
In base 5, what is 3023 - 4?
3014
In base 4, what is -200 + -3?
-203
In base 14, what is 7c - -5?
83
In base 12, what is 9a4 + -4?
9a0
In base 9, what is -1772 + -11?
-1783
In base 4, what is 3 + -1121?
-1112
In base 11, what is -5 + 4873?
4869
In base 12, what is 1867 + -3?
1864
In base 6, what is 3 - 221?
-214
In base 9, what is -30 + 10?
-20
In base 16, what is 4 + -35?
-31
In base 4, what is -10 + 10213?
10203
In base 4, what is -1 + -102112?
-102113
In base 3, what is 1010202220 - 1?
1010202212
In base 2, what is -101111101010 - 11?
-101111101101
In base 6, what is -2 + -43?
-45
In base 14, what is 2d9 - -1?
2da
In base 12, what is 199 + 3?
1a0
In base 4, what is 2100033 + 0?
2100033
In base 6, what is -22 + -1501?
-1523
In base 12, what is 0 - 626?
-626
In base 4, what is -213 + -12?
-231
In base 16, what is -5 + -66?
-6b
In base 9, what is -3 + -374?
-377
In base 14, what is 1c + -4?
18
In base 3, what is -11 - 1121?
-1202
In base 14, what is -3ba + 5?
-3b5
In base 14, what is -4 - -45?
41
In base 7, what is -3126 - -26?
-3100
In base 13, what is -26 + -5?
-2b
In base 6, what is 114 + 5?
123
In base 13, what is -45 - 3?
-48
In base 10, what is 3 + 61?
64
In base 15, what is 0 - 4?
-4
In base 15, what is -e + 0?
-e
In base 6, what is -12 + -55?
-111
In base 12, what is -2 - -825?
823
In base 8, what is -151 + 1?
-150
In base 3, what is -10 - -101200?
101120
In base 10, what is 25318 + 0?
25318
In base 2, what is 1010000 - -10000?
1100000
In base 15, what is -c1 + -4?
-c5
In base 3, what is 1221120222 + 1?
1221121000
In base 3, what is -1 - -12101?
12100
In base 13, what is -a4 + 17?
-8a
In base 16, what is -1af2 - -5?
-1aed
In base 4, what is -1100 - 3100?
-10200
In base 15, what is 2 + 3a5?
3a7
In base 8, what is -27 - -651?
622
In base 7, what is -3 + 14545?
14542
In base 16, what is -4 + -69?
-6d
In base 12, what is 197 + 8?
1a3
In base 5, what is -13001 - 43?
-13044
In base 8, what is -4373 + 1?
-4372
In base 14, what is 2 - 3d?
-3b
In base 12, what is -25 + 6?
-1b
In base 2, what is -10011010011010 - -101?
-10011010010101
In base 15, what is -32 - -40?
d
In base 9, what is -42 - 5?
-47
In base 15, what is -23 - -91?
6d
In base 13, what is -2318 + 0?
-2318
In base 4, what is -10 - -1112?
1102
In base 15, what is -178 - 5?
-17d
In base 15, what is 2a7 + -3?
2a4
In base 5, what is